(6/(-4))/(6/224). Let n = -31 - o. What is the remainder when n is divided by w?
4
Suppose -5*p + 2*n = -3*p + 12, 0 = 4*p + 2*n + 12. Let f be ((-2)/p)/(4/(-200)). Let h = f + 39. Calculate the remainder when h is divided by 8.
6
Let h = 2170 + -2095. What is the remainder when 347 is divided by h?
47
Suppose 14*p - 11*p + 129 = 0. Let q = p + 60. Calculate the remainder when 65 is divided by q.
14
Calculate the remainder when 119 is divided by (-29)/145 - (-622)/10.
57
Let o = 1122 - -763. Calculate the remainder when o is divided by 51.
49
Let y(j) = -j**3 - 15*j**2 - 57*j - 19. Suppose 3*g + 7 = 91. Calculate the remainder when g is divided by y(-9).
4
Let c(a) = 15*a**3 - a**2 - 4*a + 4. Calculate the remainder when 222 is divided by c(1).
12
Let l be -11 - (0 + 6/3). Let z(f) = -3*f - 28. What is the remainder when z(l) is divided by 5?
1
Suppose 0 = 12*z - 13*z + 24. Let i(w) = 5*w**2. Let y be i(-1). Suppose -y*n + 47 = -18. What is the remainder when z is divided by n?
11
Suppose -6*f = -60 + 12. Suppose f = 5*t - 22. Calculate the remainder when 11 is divided by t.
5
Let w(j) = -9*j + 19. Let o be (-2)/(-4) - (-133)/(-14). Suppose -108 = -3*l + 2*r, -4*r + 93 + 65 = 5*l. Calculate the remainder when w(o) is divided by l.
32
Suppose -346 - 4178 = -29*l. Calculate the remainder when l is divided by 47.
15
Let v be ((-30)/(-5))/(3/2). What is the remainder when 19 is divided by v/22 - 375/(-55)?
5
Let f(d) = -d**2 + 8*d - 10. Suppose 0 = 3*x + 4*o - 32, 0*x - 5*o = -2*x + 6. What is the remainder when x is divided by f(3)?
3
Let n(r) = r**2 - 3*r - 7. Let j be n(5). Suppose -j*i + 4*i + 173 = 3*z, -i - 291 = -5*z. Calculate the remainder when z is divided by 15.
14
Let m = -362 + 373. What is the remainder when 26 is divided by m?
4
Let z(v) = -v**3 - 23*v**2 - 50*v - 18. Calculate the remainder when z(-21) is divided by 31.
26
Suppose -348 = -0*v - 3*v. Calculate the remainder when v is divided by 30.
26
Let v = -15 - -3. Let y = v + 24. Calculate the remainder when 35 is divided by y.
11
What is the remainder when (-15*(-8)/(-36))/((-26)/1833) is divided by 12?
7
Calculate the remainder when (18 - 13)/(5/1) is divided by 1.
0
Suppose p - 31 = -3*j, -p + 9 - 14 = 0. Calculate the remainder when 405 is divided by j.
9
Let b(q) = -2*q**2 + 30*q + 22. What is the remainder when 84 is divided by b(15)?
18
Let h(o) = -28*o - 22. What is the remainder when 617 is divided by h(-3)?
59
Suppose 3*r - 87 = -4*y, 2*y + 4*r + 6 = 62. Let u(j) = j**2 + 6*j. Let g be u(-5). What is the remainder when y is divided by g/(2/1 - 3)?
3
Let l = 1796 + -823. What is the remainder when l is divided by 65?
63
Let i(t) = -t**2 + 4*t + 3. Let n be i(4). Suppose -4*u = u - 220. Calculate the remainder when u is divided by n/((-6)/(-32)) - 1.
14
Let v(d) = d**3 + 17*d**2 + 32*d + 51. Calculate the remainder when 78 is divided by v(-15).
15
Suppose -5*f = 2*x + 9, 2*x = 4*x - 6. Let v(j) = -j**3 - 2*j**2 + 2*j. Suppose -2*l - 31 = -35. What is the remainder when v(f) is divided by l?
1
Let s(l) = -11 - 16*l - 18 + l + 38 - 9*l**2 - l**3. Calculate the remainder when s(-7) is divided by 2.
0
Suppose 43 + 53 = 4*c. Suppose -5*z = -94 + c. What is the remainder when 41 is divided by z?
13
Let n(f) = -f**3 + 8*f**2 - 6*f - 4. Let x be n(7). Let l be (x/2)/((-3)/(-16)). Suppose 0 = -d + 36 - l. Calculate the remainder when d is divided by 10.
8
Let l = -12 + 17. Suppose -l*k = z - 37, 2*k + 4*z = 6*k - 44. What is the remainder when 30*((-33)/(-6) + -5) is divided by k?
7
Suppose -l + 6*l - 2*h = 693, 4*l + 3*h - 536 = 0. Calculate the remainder when l is divided by 40.
17
Suppose 49 = -6*o + 61. Suppose -424 = o*r - 10*r. Suppose 22 = 3*z - z. What is the remainder when r is divided by z?
9
Let d(h) = 4*h - 34. Let j(a) = a**3 + 8*a**2 + 15. Let s be j(-8). Suppose 5*x = 5*r - 405, -3*x = -5*x - 8. Calculate the remainder when r is divided by d(s).
25
Let a(g) = -22*g + 19. What is the remainder when 110 is divided by a(0)?
15
Let p(g) = -g**3 + 20*g**2 + 14*g. Calculate the remainder when p(6) is divided by 119.
112
Let h(g) = 4*g**2 - 43*g - 95. What is the remainder when h(15) is divided by 83?
77
Let y be (-96)/15 - 10/(-25). Calculate the remainder when 4/y + 693/27 is divided by 14.
11
Suppose -2*a + 26 = -2*j - 2*j, 0 = 5*j + 2*a + 19. Let g be 5/((-10)/(-6)) + 9. Let y = g + j. Calculate the remainder when 33 is divided by y.
5
Suppose 5*c = 5*u + 580, 2*c - 4*c + 3*u + 234 = 0. Suppose 9*i + 273 = 16*i. Calculate the remainder when c is divided by i.
36
Let r(l) = -l**3 + 6*l**2 - 4*l. Let n be r(5). Suppose 6*a - 2*a + 295 = n*x, 3*x = 4*a + 185. What is the remainder when x is divided by 20?
15
Suppose 4 = 2*v + 4*l, 4*v + 0*l = 5*l + 21. Let s(x) = 2*x**2 - 4*x - 6. Calculate the remainder when 17 is divided by s(v).
7
Suppose -5*c + 130 = -2*l, 4*l = -5*c - 5 + 135. Let g be 4/(-6)*(-207)/(-6). Let w = g - -125. Calculate the remainder when w is divided by c.
24
Suppose -n = -3*n + 8. Let s(l) = l**3 - 4*l**2 + 4*l + 3. What is the remainder when 446/8 - 11/(-44) is divided by s(n)?
18
Let x = -161 - -224. Let f = 30 - -32. Suppose 0 = -2*u + 2*t + 28, 0 = -3*u - 2*t - 10 + f. Calculate the remainder when x is divided by u.
15
Let b = 442 - 327. What is the remainder when b is divided by 21?
10
Suppose 11*v - 222 = 559. Suppose -2*f + 18 = -0*f. Calculate the remainder when v is divided by f.
8
Let h = -77 + 114. Calculate the remainder when 516 is divided by h.
35
Let w = -287 + 306. Calculate the remainder when w is divided by 9.
1
Let o(x) = -x**3 + 6*x**2 + 4*x - 12. Suppose 4*f - 20 = -4*i, 0*i = 3*f - i - 19. What is the remainder when 33 is divided by o(f)?
9
Calculate the remainder when 110 + -115 - (-1956 + -1) is divided by 21.
20
Let d = -2 + 7. Suppose 4*y - 33 = -d*f, y + 5*f - 21 = 3*y. Suppose 7*n + 18 = 10*n. Calculate the remainder when n is divided by y.
0
Let f = -685 + 740. Calculate the remainder when 80 is divided by f.
25
Let f = -19 - 60. Let h = f + 86. Calculate the remainder when 40 is divided by h.
5
Calculate the remainder when 1013/5 + 2/5 is divided by 52.
47
Let u be 261/(-36) - (-3)/(-4). Let r = u + -12. What is the remainder when 7 is divided by (9/(-12))/(5/r)?
1
Suppose -314 - 206 = -13*z. Calculate the remainder when 197 is divided by z.
37
Let i(x) = 4*x**2 + 4*x + 4. Let w(r) = -r**2 + 14*r - 11. Suppose 29*m - 26*m = 33. Calculate the remainder when i(-5) is divided by w(m).
18
Let r(a) = a**3 + 13*a**2 + 6*a - 17. Let t be -10*(-1 + (-11)/(-5)). Calculate the remainder when r(t) is divided by 20.
15
Let l(q) = q**3 + 3*q**2 + 2. Let a be l(-3). Suppose -y + 4*p = p - 33, -a*y - 2*p = -106. Let r = 927 - 902. Calculate the remainder when y is divided by r.
23
Let t be 3/(-27) + (32648/(-18))/(-7). Suppose 291 = 2*a + t. What is the remainder when a is divided by 6?
4
Suppose 0 = -j - 2*x + 47, 4*x + 61 - 296 = -5*j. What is the remainder when 141 is divided by j?
0
Let c = -101 + 105. What is the remainder when 4/2 + -6 + 8 is divided by c?
0
Let v be (3 - (2 - 0))*-1. What is the remainder when 12 is divided by (0 + v)*(-4 + -3)?
5
Let x = 64 + -56. What is the remainder when 16 is divided by 3 - (-4 - x)/2?
7
Let t = 148 - 99. Let y = 140 - t. Calculate the remainder when (-2)/10 - y/(-5) is divided by 5.
3
Let s = 29 - 24. Suppose 0 = f - s*f + 148. Suppose 0 = 4*y - 25 - 15. What is the remainder when f is divided by y?
7
Let g be -1*(-1)/2*-2. Let i be (1 - 1)*g/(-2). Suppose i = -4*z + 18 + 46. What is the remainder when 29 is divided by z?
13
Let o(y) = y**2 - 4*y. Let h be o(-3). Suppose -h + 57 = 3*l. Let c = 1 + l. Calculate the remainder when 25 is divided by c.
12
Suppose 5*k - 177 = 4*n, 8 = -n + 5. Suppose 0 = -2*m + 2*c + 18, -8*m + 3*m - 5*c + 15 = 0. What is the remainder when k is divided by m?
3
Let h be (690/(-20))/((-2)/4). Let s = 75 - h. What is the remainder when 11 is divided by s?
5
Let g(i) = i + 6 + 0 + 1. Let l = -15 + 21. Calculate the remainder when 23 is divided by g(l).
10
Suppose 870 = -98*n + 108*n. What is the remainder when 427 is divided by n?
79
What is the remainder when 1/((-5)/370*2/(-3)) is divided by 24?
15
Suppose 5*w - 17 = -4*s, 0 = w + 3*s - 7 + 8. What is the r